{"id":2220,"date":"2018-02-20T18:21:14","date_gmt":"2018-02-20T17:21:14","guid":{"rendered":"http:\/\/www.tvshopping.at\/?page_id=2220"},"modified":"2021-03-14T10:10:20","modified_gmt":"2021-03-14T09:10:20","slug":"flacher-bauch","status":"publish","type":"page","link":"https:\/\/www.tvshopping.at\/index.php\/flacher-bauch\/","title":{"rendered":"Flacher Bauch"},"content":{"rendered":"<div class=\"row\"><div class=\"col-xxs-12 col-xs-6 col-md-4 col-lg-3 eq\">\n\t<div class=\"thumbnail thumbnail-2214 product-grid\">\n\t\t<div class=\"caption\">\n            \t\t\t<div class=\"img-grid-wrapper\">\n\t\t\t\t<a title=\"Fett verbrennen am Bauch &#8211; Wie ein flacher Bauch von der Wunschvorstellung endlich zur Realit\u00e4t wird\" href=\"https:\/\/www.tvshopping.at\/index.php\/produkt\/fett-verbrennen-am-bauch-wie-ein-flacher-bauch-von-der-wunschvorstellung-endlich-zur-realitaet-wird\/\" >\n\t\t\t\t\t<img loading=\"lazy\" decoding=\"async\" src=\"https:\/\/m.media-amazon.com\/images\/I\/51xyd0aCBDL._SL500_.jpg\" alt=\"Fett verbrennen am Bauch - Wie ein flacher Bauch von der Wunschvorstellung endlich zur Realit\u00e4t wird\" width=\"320\" height=\"500\" \/>\t\t\t\t<\/a>\n\t\t\t<\/div>\n\n                            <div class=\"row row-product-meta\">\n                    <div class=\"col-xs-6\">\n                        <span class=\"product-tax\"><a href=\"https:\/\/www.tvshopping.at\/index.php\/marke\/fitness\/\" rel=\"tag\">Fitness<\/a><\/span>                    <\/div>\n                    <div class=\"col-xs-6\">\n                        <div class=\"product-rating text-right\"><i class=\"far fa-star\"><\/i><i class=\"far fa-star\"><\/i><i class=\"far fa-star\"><\/i><i class=\"far fa-star\"><\/i><i class=\"far fa-star\"><\/i><\/div>\n                    <\/div>\n                <\/div>\n            \n\n\t\t\t<a title=\"Fett verbrennen am Bauch &#8211; Wie ein flacher Bauch von der Wunschvorstellung endlich zur Realit\u00e4t wird\" href=\"https:\/\/www.tvshopping.at\/index.php\/produkt\/fett-verbrennen-am-bauch-wie-ein-flacher-bauch-von-der-wunschvorstellung-endlich-zur-realitaet-wird\/\" class=\"product-title\" >\n\t\t\t\tFett verbrennen am Bauch &#8211; Wie ein flacher Bauch von der Wunschvorstellung endlich zur Realit\u00e4t wird\t\t\t<\/a>\n\n                <div class=\"product-price\">\n        <p class=\"price\">0,99 &euro;<\/p>\n        <small class=\"price-hint\">inkl. 19% gesetzlicher MwSt.<\/small>    <\/div>\n<hr class=\"hidden-xs\" \/>\t\t\t\t\t\t<div class=\"row product-buttons\">\n\t\t\t\t\t\t\t<div class=\"col-sm-6\">\n\t\t\t\t\t\t\t\t<a href=\"https:\/\/www.tvshopping.at\/index.php\/produkt\/fett-verbrennen-am-bauch-wie-ein-flacher-bauch-von-der-wunschvorstellung-endlich-zur-realitaet-wird\/\" title=\"Fett verbrennen am Bauch &#8211; Wie ein flacher Bauch von der Wunschvorstellung endlich zur Realit\u00e4t wird\" class=\"btn btn-detail btn-block\">Details<\/a>\t\t\t\t\t\t\t<\/div>\n\t\t\t\t\t\t\t<div class=\"col-sm-6\">\n\t\t\t\t\t\t\t\t<a href=\"https:\/\/www.amazon.de\/dp\/B01J0EOHL4?tag=lenzomio-21&linkCode=ogi&th=1&psc=1\" title=\"Fett verbrennen am Bauch &#8211; Wie ein flacher Bauch von der Wunschvorstellung endlich zur Realit\u00e4t wird\" class=\"btn btn-buy btn-block\" rel=\"nofollow\" target=\"_blank\">Kaufen<\/a>\t\t\t\t\t\t\t<\/div>\n\t\t\t\t\t\t<\/div>\n\t\t\t\t\t\t\t\t<\/div>\n\t<\/div>\n<\/div><div class=\"col-xxs-12 col-xs-6 col-md-4 col-lg-3 eq\">\n\t<div class=\"thumbnail thumbnail-2219 product-grid\">\n\t\t<div class=\"caption\">\n            \t\t\t<div class=\"img-grid-wrapper\">\n\t\t\t\t<a title=\"Das 1&#215;1 der Gesunden Ern\u00e4hrung: Abnehmen ohne Hunger  | Schnell Abnehmen durch ausgewogene Ern\u00e4hrung (Gesund Essen, Di\u00e4t, Keto, Paleo, Low-Carb, flacher Bauch, Vegan, Sport, Fett verbrennen)\" href=\"https:\/\/www.tvshopping.at\/index.php\/produkt\/das-1x1-der-gesunden-ernaehrung-abnehmen-ohne-hunger-schnell-abnehmen-durch-ausgewogene-ernaehrung-gesund-essen-diaet-keto-paleo-low-carb-flacher-bauch-vegan-sport-fett-verbrennen\/\" >\n\t\t\t\t\t<img loading=\"lazy\" decoding=\"async\" src=\"https:\/\/m.media-amazon.com\/images\/I\/51Ihr41RInL._SL500_.jpg\" alt=\"Das 1x1 der Gesunden Ern\u00e4hrung: Abnehmen ohne Hunger  | Schnell Abnehmen durch ausgewogene Ern\u00e4hrung (Gesund Essen, Di\u00e4t, Keto, Paleo, Low-Carb, flacher Bauch, Vegan, Sport, Fett verbrennen)\" width=\"335\" height=\"500\" \/>\t\t\t\t<\/a>\n\t\t\t<\/div>\n\n                            <div class=\"row row-product-meta\">\n                    <div class=\"col-xs-6\">\n                        <span class=\"product-tax\"><a href=\"https:\/\/www.tvshopping.at\/index.php\/marke\/fitness\/\" rel=\"tag\">Fitness<\/a><\/span>                    <\/div>\n                    <div class=\"col-xs-6\">\n                        <div class=\"product-rating text-right\"><i class=\"far fa-star\"><\/i><i class=\"far fa-star\"><\/i><i class=\"far fa-star\"><\/i><i class=\"far fa-star\"><\/i><i class=\"far fa-star\"><\/i><\/div>\n                    <\/div>\n                <\/div>\n            \n\n\t\t\t<a title=\"Das 1&#215;1 der Gesunden Ern\u00e4hrung: Abnehmen ohne Hunger  | Schnell Abnehmen durch ausgewogene Ern\u00e4hrung (Gesund Essen, Di\u00e4t, Keto, Paleo, Low-Carb, flacher Bauch, Vegan, Sport, Fett verbrennen)\" href=\"https:\/\/www.tvshopping.at\/index.php\/produkt\/das-1x1-der-gesunden-ernaehrung-abnehmen-ohne-hunger-schnell-abnehmen-durch-ausgewogene-ernaehrung-gesund-essen-diaet-keto-paleo-low-carb-flacher-bauch-vegan-sport-fett-verbrennen\/\" class=\"product-title\" >\n\t\t\t\tDas 1&#215;1 der Gesunden Ern\u00e4hrung: Abnehmen ohne Hunger  | Schnell Abnehmen durch ausgewogene Ern\u00e4hrung (Gesund Essen, Di\u00e4t, Keto, Paleo, Low-Carb, flacher Bauch, Vegan, Sport, Fett verbrennen)\t\t\t<\/a>\n\n                <div class=\"product-price\">\n        <p class=\"price\">2,99 &euro;<\/p>\n        <small class=\"price-hint\">inkl. 19% gesetzlicher MwSt.<\/small>    <\/div>\n<hr class=\"hidden-xs\" \/>\t\t\t\t\t\t<div class=\"row product-buttons\">\n\t\t\t\t\t\t\t<div class=\"col-sm-6\">\n\t\t\t\t\t\t\t\t<a href=\"https:\/\/www.tvshopping.at\/index.php\/produkt\/das-1x1-der-gesunden-ernaehrung-abnehmen-ohne-hunger-schnell-abnehmen-durch-ausgewogene-ernaehrung-gesund-essen-diaet-keto-paleo-low-carb-flacher-bauch-vegan-sport-fett-verbrennen\/\" title=\"Das 1&#215;1 der Gesunden Ern\u00e4hrung: Abnehmen ohne Hunger  | Schnell Abnehmen durch ausgewogene Ern\u00e4hrung (Gesund Essen, Di\u00e4t, Keto, Paleo, Low-Carb, flacher Bauch, Vegan, Sport, Fett verbrennen)\" class=\"btn btn-detail btn-block\">Details<\/a>\t\t\t\t\t\t\t<\/div>\n\t\t\t\t\t\t\t<div class=\"col-sm-6\">\n\t\t\t\t\t\t\t\t<a href=\"https:\/\/www.amazon.de\/dp\/B079KM45XW?tag=lenzomio-21&linkCode=ogi&th=1&psc=1\" title=\"Das 1&#215;1 der Gesunden Ern\u00e4hrung: Abnehmen ohne Hunger  | Schnell Abnehmen durch ausgewogene Ern\u00e4hrung (Gesund Essen, Di\u00e4t, Keto, Paleo, Low-Carb, flacher Bauch, Vegan, Sport, Fett verbrennen)\" class=\"btn btn-buy btn-block\" rel=\"nofollow\" target=\"_blank\">Kaufen<\/a>\t\t\t\t\t\t\t<\/div>\n\t\t\t\t\t\t<\/div>\n\t\t\t\t\t\t\t\t<\/div>\n\t<\/div>\n<\/div><div class=\"col-xxs-12 col-xs-6 col-md-4 col-lg-3 eq\">\n\t<div class=\"thumbnail thumbnail-2216 product-grid\">\n\t\t<div class=\"caption\">\n            \t\t\t<div class=\"img-grid-wrapper\">\n\t\t\t\t<a title=\"Sexy Sixpack: Flacher und straffer Bauch in sechs Wochen &#8211; Geheimtipp: auch f\u00fcr Frauen\" href=\"https:\/\/www.tvshopping.at\/index.php\/produkt\/sexy-sixpack-flacher-und-straffer-bauch-in-sechs-wochen-geheimtipp-auch-fuer-frauen\/\" >\n\t\t\t\t\t<img loading=\"lazy\" decoding=\"async\" src=\"https:\/\/m.media-amazon.com\/images\/I\/511CQWKnwQL._SL500_.jpg\" alt=\"Sexy Sixpack: Flacher und straffer Bauch in sechs Wochen - Geheimtipp: auch f\u00fcr Frauen\" width=\"341\" height=\"500\" \/>\t\t\t\t<\/a>\n\t\t\t<\/div>\n\n                            <div class=\"row row-product-meta\">\n                    <div class=\"col-xs-6\">\n                        <span class=\"product-tax\"><a href=\"https:\/\/www.tvshopping.at\/index.php\/marke\/fitness\/\" rel=\"tag\">Fitness<\/a><\/span>                    <\/div>\n                    <div class=\"col-xs-6\">\n                        <div class=\"product-rating text-right\"><i class=\"far fa-star\"><\/i><i class=\"far fa-star\"><\/i><i class=\"far fa-star\"><\/i><i class=\"far fa-star\"><\/i><i class=\"far fa-star\"><\/i><\/div>\n                    <\/div>\n                <\/div>\n            \n\n\t\t\t<a title=\"Sexy Sixpack: Flacher und straffer Bauch in sechs Wochen &#8211; Geheimtipp: auch f\u00fcr Frauen\" href=\"https:\/\/www.tvshopping.at\/index.php\/produkt\/sexy-sixpack-flacher-und-straffer-bauch-in-sechs-wochen-geheimtipp-auch-fuer-frauen\/\" class=\"product-title\" >\n\t\t\t\tSexy Sixpack: Flacher und straffer Bauch in sechs Wochen &#8211; Geheimtipp: auch f\u00fcr Frauen\t\t\t<\/a>\n\n                <div class=\"product-price\">\n        <p class=\"price\">4,07 &euro;<\/p>\n        <small class=\"price-hint\">inkl. 19% gesetzlicher MwSt.<\/small>    <\/div>\n<hr class=\"hidden-xs\" \/>\t\t\t\t\t\t<div class=\"row product-buttons\">\n\t\t\t\t\t\t\t<div class=\"col-sm-6\">\n\t\t\t\t\t\t\t\t<a href=\"https:\/\/www.tvshopping.at\/index.php\/produkt\/sexy-sixpack-flacher-und-straffer-bauch-in-sechs-wochen-geheimtipp-auch-fuer-frauen\/\" title=\"Sexy Sixpack: Flacher und straffer Bauch in sechs Wochen &#8211; Geheimtipp: auch f\u00fcr Frauen\" class=\"btn btn-detail btn-block\">Details<\/a>\t\t\t\t\t\t\t<\/div>\n\t\t\t\t\t\t\t<div class=\"col-sm-6\">\n\t\t\t\t\t\t\t\t<a href=\"https:\/\/www.amazon.de\/dp\/3442175828?tag=lenzomio-21&linkCode=ogi&th=1&psc=1\" title=\"Sexy Sixpack: Flacher und straffer Bauch in sechs Wochen &#8211; Geheimtipp: auch f\u00fcr Frauen\" class=\"btn btn-buy btn-block\" rel=\"nofollow\" target=\"_blank\">Kaufen<\/a>\t\t\t\t\t\t\t<\/div>\n\t\t\t\t\t\t<\/div>\n\t\t\t\t\t\t\t\t<\/div>\n\t<\/div>\n<\/div><div class=\"col-xxs-12 col-xs-6 col-md-4 col-lg-3 eq\">\n\t<div class=\"thumbnail thumbnail-2217 product-grid\">\n\t\t<div class=\"caption\">\n            \t\t\t<div class=\"img-grid-wrapper\">\n\t\t\t\t<a title=\"7 Tage Tea Cleanse: Innere Reinigung, minus 4 Kilo und ein flacher Bauch in nur einer Woche!\" href=\"https:\/\/www.tvshopping.at\/index.php\/produkt\/7-tage-tea-cleanse-innere-reinigung-minus-4-kilo-und-ein-flacher-bauch-in-nur-einer-woche\/\" >\n\t\t\t\t\t<img loading=\"lazy\" decoding=\"async\" src=\"https:\/\/m.media-amazon.com\/images\/I\/51TbJ4wdokL._SL500_.jpg\" alt=\"7 Tage Tea Cleanse: Innere Reinigung, minus 4 Kilo und ein flacher Bauch in nur einer Woche!\" width=\"352\" height=\"500\" \/>\t\t\t\t<\/a>\n\t\t\t<\/div>\n\n                            <div class=\"row row-product-meta\">\n                    <div class=\"col-xs-6\">\n                        <span class=\"product-tax\"><a href=\"https:\/\/www.tvshopping.at\/index.php\/marke\/fitness\/\" rel=\"tag\">Fitness<\/a><\/span>                    <\/div>\n                    <div class=\"col-xs-6\">\n                        <div class=\"product-rating text-right\"><i class=\"far fa-star\"><\/i><i class=\"far fa-star\"><\/i><i class=\"far fa-star\"><\/i><i class=\"far fa-star\"><\/i><i class=\"far fa-star\"><\/i><\/div>\n                    <\/div>\n                <\/div>\n            \n\n\t\t\t<a title=\"7 Tage Tea Cleanse: Innere Reinigung, minus 4 Kilo und ein flacher Bauch in nur einer Woche!\" href=\"https:\/\/www.tvshopping.at\/index.php\/produkt\/7-tage-tea-cleanse-innere-reinigung-minus-4-kilo-und-ein-flacher-bauch-in-nur-einer-woche\/\" class=\"product-title\" >\n\t\t\t\t7 Tage Tea Cleanse: Innere Reinigung, minus 4 Kilo und ein flacher Bauch in nur einer Woche!\t\t\t<\/a>\n\n                <div class=\"product-price\">\n        <p class=\"price\">5,54 &euro;<\/p>\n        <small class=\"price-hint\">inkl. 19% gesetzlicher MwSt.<\/small>    <\/div>\n<hr class=\"hidden-xs\" \/>\t\t\t\t\t\t<div class=\"row product-buttons\">\n\t\t\t\t\t\t\t<div class=\"col-sm-6\">\n\t\t\t\t\t\t\t\t<a href=\"https:\/\/www.tvshopping.at\/index.php\/produkt\/7-tage-tea-cleanse-innere-reinigung-minus-4-kilo-und-ein-flacher-bauch-in-nur-einer-woche\/\" title=\"7 Tage Tea Cleanse: Innere Reinigung, minus 4 Kilo und ein flacher Bauch in nur einer Woche!\" class=\"btn btn-detail btn-block\">Details<\/a>\t\t\t\t\t\t\t<\/div>\n\t\t\t\t\t\t\t<div class=\"col-sm-6\">\n\t\t\t\t\t\t\t\t<a href=\"https:\/\/www.amazon.de\/dp\/3868839445?tag=lenzomio-21&linkCode=ogi&th=1&psc=1\" title=\"7 Tage Tea Cleanse: Innere Reinigung, minus 4 Kilo und ein flacher Bauch in nur einer Woche!\" class=\"btn btn-buy btn-block\" rel=\"nofollow\" target=\"_blank\">Kaufen<\/a>\t\t\t\t\t\t\t<\/div>\n\t\t\t\t\t\t<\/div>\n\t\t\t\t\t\t\t\t<\/div>\n\t<\/div>\n<\/div><div class=\"col-xxs-12 col-xs-6 col-md-4 col-lg-3 eq\">\n\t<div class=\"thumbnail thumbnail-2215 product-grid\">\n\t\t<div class=\"caption\">\n            \t\t\t<div class=\"img-grid-wrapper\">\n\t\t\t\t<a title=\"Flacher Bauch \u2013 Starker R\u00fccken: Effektives Training f\u00fcr die K\u00f6rpermitte (Wo Sport Spass macht)\" href=\"https:\/\/www.tvshopping.at\/index.php\/produkt\/flacher-bauch-starker-ruecken-effektives-training-fuer-die-koerpermitte-wo-sport-spass-macht\/\" >\n\t\t\t\t\t<img loading=\"lazy\" decoding=\"async\" src=\"https:\/\/m.media-amazon.com\/images\/I\/41ewV0VQROL._SL500_.jpg\" alt=\"Flacher Bauch \u2013 Starker R\u00fccken: Effektives Training f\u00fcr die K\u00f6rpermitte (Wo Sport Spass macht)\" width=\"342\" height=\"500\" \/>\t\t\t\t<\/a>\n\t\t\t<\/div>\n\n                            <div class=\"row row-product-meta\">\n                    <div class=\"col-xs-6\">\n                        <span class=\"product-tax\"><a href=\"https:\/\/www.tvshopping.at\/index.php\/marke\/fitness\/\" rel=\"tag\">Fitness<\/a><\/span>                    <\/div>\n                    <div class=\"col-xs-6\">\n                        <div class=\"product-rating text-right\"><i class=\"far fa-star\"><\/i><i class=\"far fa-star\"><\/i><i class=\"far fa-star\"><\/i><i class=\"far fa-star\"><\/i><i class=\"far fa-star\"><\/i><\/div>\n                    <\/div>\n                <\/div>\n            \n\n\t\t\t<a title=\"Flacher Bauch \u2013 Starker R\u00fccken: Effektives Training f\u00fcr die K\u00f6rpermitte (Wo Sport Spass macht)\" href=\"https:\/\/www.tvshopping.at\/index.php\/produkt\/flacher-bauch-starker-ruecken-effektives-training-fuer-die-koerpermitte-wo-sport-spass-macht\/\" class=\"product-title\" >\n\t\t\t\tFlacher Bauch \u2013 Starker R\u00fccken: Effektives Training f\u00fcr die K\u00f6rpermitte (Wo Sport Spass macht)\t\t\t<\/a>\n\n                <div class=\"product-price\">\n        <p class=\"price\">22,00 &euro;<\/p>\n        <small class=\"price-hint\">inkl. 19% gesetzlicher MwSt.<\/small>    <\/div>\n<hr class=\"hidden-xs\" \/>\t\t\t\t\t\t<div class=\"row product-buttons\">\n\t\t\t\t\t\t\t<div class=\"col-sm-6\">\n\t\t\t\t\t\t\t\t<a href=\"https:\/\/www.tvshopping.at\/index.php\/produkt\/flacher-bauch-starker-ruecken-effektives-training-fuer-die-koerpermitte-wo-sport-spass-macht\/\" title=\"Flacher Bauch \u2013 Starker R\u00fccken: Effektives Training f\u00fcr die K\u00f6rpermitte (Wo Sport Spass macht)\" class=\"btn btn-detail btn-block\">Details<\/a>\t\t\t\t\t\t\t<\/div>\n\t\t\t\t\t\t\t<div class=\"col-sm-6\">\n\t\t\t\t\t\t\t\t<a href=\"https:\/\/www.amazon.de\/dp\/3898998878?tag=lenzomio-21&linkCode=ogi&th=1&psc=1\" title=\"Flacher Bauch \u2013 Starker R\u00fccken: Effektives Training f\u00fcr die K\u00f6rpermitte (Wo Sport Spass macht)\" class=\"btn btn-buy btn-block\" rel=\"nofollow\" target=\"_blank\">Kaufen<\/a>\t\t\t\t\t\t\t<\/div>\n\t\t\t\t\t\t<\/div>\n\t\t\t\t\t\t\t\t<\/div>\n\t<\/div>\n<\/div><\/div><div class=\"clearfix\"><\/div>\n","protected":false},"excerpt":{"rendered":"","protected":false},"author":1,"featured_media":0,"parent":0,"menu_order":0,"comment_status":"closed","ping_status":"closed","template":"","meta":{"footnotes":""},"class_list":["post-2220","page","type-page","status-publish","hentry"],"yoast_head":"<!-- This site is optimized with the Yoast SEO plugin v27.5 - https:\/\/yoast.com\/product\/yoast-seo-wordpress\/ -->\n<title>Flacher Bauch - TVSHOPPING.AT<\/title>\n<meta name=\"robots\" content=\"index, follow, max-snippet:-1, max-image-preview:large, max-video-preview:-1\" \/>\n<link rel=\"canonical\" href=\"https:\/\/www.tvshopping.at\/index.php\/flacher-bauch\/\" \/>\n<meta property=\"og:locale\" content=\"de_DE\" \/>\n<meta property=\"og:type\" content=\"article\" \/>\n<meta property=\"og:title\" content=\"Flacher Bauch - TVSHOPPING.AT\" \/>\n<meta property=\"og:url\" content=\"https:\/\/www.tvshopping.at\/index.php\/flacher-bauch\/\" \/>\n<meta property=\"og:site_name\" content=\"TVSHOPPING.AT\" \/>\n<meta property=\"article:modified_time\" content=\"2021-03-14T09:10:20+00:00\" \/>\n<meta name=\"twitter:card\" content=\"summary_large_image\" \/>\n<meta name=\"twitter:label1\" content=\"Gesch\u00e4tzte Lesezeit\" \/>\n\t<meta name=\"twitter:data1\" content=\"1\u00a0Minute\" \/>\n<script type=\"application\/ld+json\" class=\"yoast-schema-graph\">{\"@context\":\"https:\\\/\\\/schema.org\",\"@graph\":[{\"@type\":\"WebPage\",\"@id\":\"https:\\\/\\\/www.tvshopping.at\\\/index.php\\\/flacher-bauch\\\/\",\"url\":\"https:\\\/\\\/www.tvshopping.at\\\/index.php\\\/flacher-bauch\\\/\",\"name\":\"Flacher Bauch - TVSHOPPING.AT\",\"isPartOf\":{\"@id\":\"https:\\\/\\\/www.tvshopping.at\\\/#website\"},\"datePublished\":\"2018-02-20T17:21:14+00:00\",\"dateModified\":\"2021-03-14T09:10:20+00:00\",\"breadcrumb\":{\"@id\":\"https:\\\/\\\/www.tvshopping.at\\\/index.php\\\/flacher-bauch\\\/#breadcrumb\"},\"inLanguage\":\"de\",\"potentialAction\":[{\"@type\":\"ReadAction\",\"target\":[\"https:\\\/\\\/www.tvshopping.at\\\/index.php\\\/flacher-bauch\\\/\"]}]},{\"@type\":\"BreadcrumbList\",\"@id\":\"https:\\\/\\\/www.tvshopping.at\\\/index.php\\\/flacher-bauch\\\/#breadcrumb\",\"itemListElement\":[{\"@type\":\"ListItem\",\"position\":1,\"name\":\"Startseite\",\"item\":\"https:\\\/\\\/www.tvshopping.at\\\/\"},{\"@type\":\"ListItem\",\"position\":2,\"name\":\"Flacher Bauch\"}]},{\"@type\":\"WebSite\",\"@id\":\"https:\\\/\\\/www.tvshopping.at\\\/#website\",\"url\":\"https:\\\/\\\/www.tvshopping.at\\\/\",\"name\":\"TVSHOPPING.AT\",\"description\":\"- DIE NEUESETEN PRODUKTE F\u00dcR SIE -\",\"potentialAction\":[{\"@type\":\"SearchAction\",\"target\":{\"@type\":\"EntryPoint\",\"urlTemplate\":\"https:\\\/\\\/www.tvshopping.at\\\/?s={search_term_string}\"},\"query-input\":{\"@type\":\"PropertyValueSpecification\",\"valueRequired\":true,\"valueName\":\"search_term_string\"}}],\"inLanguage\":\"de\"}]}<\/script>\n<!-- \/ Yoast SEO plugin. -->","yoast_head_json":{"title":"Flacher Bauch - TVSHOPPING.AT","robots":{"index":"index","follow":"follow","max-snippet":"max-snippet:-1","max-image-preview":"max-image-preview:large","max-video-preview":"max-video-preview:-1"},"canonical":"https:\/\/www.tvshopping.at\/index.php\/flacher-bauch\/","og_locale":"de_DE","og_type":"article","og_title":"Flacher Bauch - TVSHOPPING.AT","og_url":"https:\/\/www.tvshopping.at\/index.php\/flacher-bauch\/","og_site_name":"TVSHOPPING.AT","article_modified_time":"2021-03-14T09:10:20+00:00","twitter_card":"summary_large_image","twitter_misc":{"Gesch\u00e4tzte Lesezeit":"1\u00a0Minute"},"schema":{"@context":"https:\/\/schema.org","@graph":[{"@type":"WebPage","@id":"https:\/\/www.tvshopping.at\/index.php\/flacher-bauch\/","url":"https:\/\/www.tvshopping.at\/index.php\/flacher-bauch\/","name":"Flacher Bauch - TVSHOPPING.AT","isPartOf":{"@id":"https:\/\/www.tvshopping.at\/#website"},"datePublished":"2018-02-20T17:21:14+00:00","dateModified":"2021-03-14T09:10:20+00:00","breadcrumb":{"@id":"https:\/\/www.tvshopping.at\/index.php\/flacher-bauch\/#breadcrumb"},"inLanguage":"de","potentialAction":[{"@type":"ReadAction","target":["https:\/\/www.tvshopping.at\/index.php\/flacher-bauch\/"]}]},{"@type":"BreadcrumbList","@id":"https:\/\/www.tvshopping.at\/index.php\/flacher-bauch\/#breadcrumb","itemListElement":[{"@type":"ListItem","position":1,"name":"Startseite","item":"https:\/\/www.tvshopping.at\/"},{"@type":"ListItem","position":2,"name":"Flacher Bauch"}]},{"@type":"WebSite","@id":"https:\/\/www.tvshopping.at\/#website","url":"https:\/\/www.tvshopping.at\/","name":"TVSHOPPING.AT","description":"- DIE NEUESETEN PRODUKTE F\u00dcR SIE -","potentialAction":[{"@type":"SearchAction","target":{"@type":"EntryPoint","urlTemplate":"https:\/\/www.tvshopping.at\/?s={search_term_string}"},"query-input":{"@type":"PropertyValueSpecification","valueRequired":true,"valueName":"search_term_string"}}],"inLanguage":"de"}]}},"_links":{"self":[{"href":"https:\/\/www.tvshopping.at\/index.php\/wp-json\/wp\/v2\/pages\/2220","targetHints":{"allow":["GET"]}}],"collection":[{"href":"https:\/\/www.tvshopping.at\/index.php\/wp-json\/wp\/v2\/pages"}],"about":[{"href":"https:\/\/www.tvshopping.at\/index.php\/wp-json\/wp\/v2\/types\/page"}],"author":[{"embeddable":true,"href":"https:\/\/www.tvshopping.at\/index.php\/wp-json\/wp\/v2\/users\/1"}],"replies":[{"embeddable":true,"href":"https:\/\/www.tvshopping.at\/index.php\/wp-json\/wp\/v2\/comments?post=2220"}],"version-history":[{"count":4,"href":"https:\/\/www.tvshopping.at\/index.php\/wp-json\/wp\/v2\/pages\/2220\/revisions"}],"predecessor-version":[{"id":5004,"href":"https:\/\/www.tvshopping.at\/index.php\/wp-json\/wp\/v2\/pages\/2220\/revisions\/5004"}],"wp:attachment":[{"href":"https:\/\/www.tvshopping.at\/index.php\/wp-json\/wp\/v2\/media?parent=2220"}],"curies":[{"name":"wp","href":"https:\/\/api.w.org\/{rel}","templated":true}]}}