{"id":4532,"date":"2021-03-08T19:27:36","date_gmt":"2021-03-08T18:27:36","guid":{"rendered":"http:\/\/www.tvshopping.at\/?page_id=4532"},"modified":"2021-03-08T19:31:59","modified_gmt":"2021-03-08T18:31:59","slug":"heissluftoefen","status":"publish","type":"page","link":"https:\/\/www.tvshopping.at\/index.php\/heissluftoefen\/","title":{"rendered":"Hei\u00dfluft\u00f6fen"},"content":{"rendered":"<div class=\"row\"><div class=\"col-xxs-12 col-xs-6 col-md-4 col-lg-3 eq\">\n\t<div class=\"thumbnail thumbnail-4539 product-grid\">\n\t\t<div class=\"caption\">\n            \t\t\t<div class=\"img-grid-wrapper\">\n\t\t\t\t<a title=\"100 Rezepte f\u00fcr den Halogen- und Hei\u00dfluftofen: Das gro\u00dfe Kochbuch mit Hauptspeisen und Desserts\" href=\"https:\/\/www.tvshopping.at\/index.php\/produkt\/100-rezepte-fuer-den-halogen-und-heissluftofen-das-grosse-kochbuch-mit-hauptspeisen-und-desserts\/\" >\n\t\t\t\t\t<img loading=\"lazy\" decoding=\"async\" src=\"https:\/\/m.media-amazon.com\/images\/I\/41iswvmk22L._SL500_.jpg\" alt=\"100 Rezepte f\u00fcr den Halogen- und Hei\u00dfluftofen: Das gro\u00dfe Kochbuch mit Hauptspeisen und Desserts\" width=\"333\" height=\"500\" \/>\t\t\t\t<\/a>\n\t\t\t<\/div>\n\n                            <div class=\"row-product-meta\">\n                    <div class=\"product-rating\"><i class=\"far fa-star\"><\/i><i class=\"far fa-star\"><\/i><i class=\"far fa-star\"><\/i><i class=\"far fa-star\"><\/i><i class=\"far fa-star\"><\/i><\/div>\n                <\/div>\n            \n\n\t\t\t<a title=\"100 Rezepte f\u00fcr den Halogen- und Hei\u00dfluftofen: Das gro\u00dfe Kochbuch mit Hauptspeisen und Desserts\" href=\"https:\/\/www.tvshopping.at\/index.php\/produkt\/100-rezepte-fuer-den-halogen-und-heissluftofen-das-grosse-kochbuch-mit-hauptspeisen-und-desserts\/\" class=\"product-title\" >\n\t\t\t\t100 Rezepte f\u00fcr den Halogen- und Hei\u00dfluftofen: Das gro\u00dfe Kochbuch mit Hauptspeisen und Desserts\t\t\t<\/a>\n\n                <div class=\"product-price\">\n        <p class=\"price\">16,95 &euro; <i class=\"at at-prime\"><\/i><\/p>\n        <small class=\"price-hint\">inkl. 19% gesetzlicher MwSt.<\/small>    <\/div>\n<hr class=\"hidden-xs\" \/>\t\t\t\t\t\t<div class=\"row product-buttons\">\n\t\t\t\t\t\t\t<div class=\"col-sm-6\">\n\t\t\t\t\t\t\t\t<a href=\"https:\/\/www.tvshopping.at\/index.php\/produkt\/100-rezepte-fuer-den-halogen-und-heissluftofen-das-grosse-kochbuch-mit-hauptspeisen-und-desserts\/\" title=\"100 Rezepte f\u00fcr den Halogen- und Hei\u00dfluftofen: Das gro\u00dfe Kochbuch mit Hauptspeisen und Desserts\" class=\"btn btn-detail btn-block\">Details<\/a>\t\t\t\t\t\t\t<\/div>\n\t\t\t\t\t\t\t<div class=\"col-sm-6\">\n\t\t\t\t\t\t\t\t<a href=\"https:\/\/www.amazon.de\/dp\/1976824478?tag=lenzomio-21&linkCode=ogi&th=1&psc=1\" title=\"100 Rezepte f\u00fcr den Halogen- und Hei\u00dfluftofen: Das gro\u00dfe Kochbuch mit Hauptspeisen und Desserts\" class=\"btn btn-buy btn-block\" rel=\"nofollow\" target=\"_blank\">Kaufen<\/a>\t\t\t\t\t\t\t<\/div>\n\t\t\t\t\t\t<\/div>\n\t\t\t\t\t\t\t\t<\/div>\n\t<\/div>\n<\/div><div class=\"col-xxs-12 col-xs-6 col-md-4 col-lg-3 eq\">\n\t<div class=\"thumbnail thumbnail-4545 product-grid\">\n\t\t<div class=\"caption\">\n            \t\t\t<div class=\"img-grid-wrapper\">\n\t\t\t\t<a title=\"Klein Fritteuse 2.5L 1800W,Fritteuse mit Sichtfenster, emperaturregelung,Kontrollleuchte,Wei\u00df\" href=\"https:\/\/www.tvshopping.at\/index.php\/produkt\/klein-fritteuse-2-5l-1800wfritteuse-mit-sichtfenster-emperaturregelungkontrollleuchteweiss\/\" >\n\t\t\t\t\t<img loading=\"lazy\" decoding=\"async\" src=\"https:\/\/m.media-amazon.com\/images\/I\/41ImawCF8AL._SL500_.jpg\" alt=\"Klein Fritteuse 2.5L 1800W,Fritteuse mit Sichtfenster, emperaturregelung,Kontrollleuchte,Wei\u00df\" width=\"401\" height=\"500\" \/>\t\t\t\t<\/a>\n\t\t\t<\/div>\n\n                            <div class=\"row-product-meta\">\n                    <div class=\"product-rating\"><i class=\"far fa-star\"><\/i><i class=\"far fa-star\"><\/i><i class=\"far fa-star\"><\/i><i class=\"far fa-star\"><\/i><i class=\"far fa-star\"><\/i><\/div>\n                <\/div>\n            \n\n\t\t\t<a title=\"Klein Fritteuse 2.5L 1800W,Fritteuse mit Sichtfenster, emperaturregelung,Kontrollleuchte,Wei\u00df\" href=\"https:\/\/www.tvshopping.at\/index.php\/produkt\/klein-fritteuse-2-5l-1800wfritteuse-mit-sichtfenster-emperaturregelungkontrollleuchteweiss\/\" class=\"product-title\" >\n\t\t\t\tKlein Fritteuse 2.5L 1800W,Fritteuse mit Sichtfenster, emperaturregelung,Kontrollleuchte,Wei\u00df\t\t\t<\/a>\n\n                <div class=\"product-price\">\n        <p class=\"price\">39,99 &euro; <del>56,99 &euro;<\/del><\/p>\n        <small class=\"price-hint\">inkl. 19% gesetzlicher MwSt.<\/small>    <\/div>\n<hr class=\"hidden-xs\" \/>\t\t\t\t\t\t<div class=\"row product-buttons\">\n\t\t\t\t\t\t\t<div class=\"col-sm-6\">\n\t\t\t\t\t\t\t\t<a href=\"https:\/\/www.tvshopping.at\/index.php\/produkt\/klein-fritteuse-2-5l-1800wfritteuse-mit-sichtfenster-emperaturregelungkontrollleuchteweiss\/\" title=\"Klein Fritteuse 2.5L 1800W,Fritteuse mit Sichtfenster, emperaturregelung,Kontrollleuchte,Wei\u00df\" class=\"btn btn-detail btn-block\">Details<\/a>\t\t\t\t\t\t\t<\/div>\n\t\t\t\t\t\t\t<div class=\"col-sm-6\">\n\t\t\t\t\t\t\t\t<a href=\"https:\/\/www.amazon.de\/dp\/B01HBK8VCA?tag=lenzomio-21&linkCode=ogi&th=1&psc=1\" title=\"Klein Fritteuse 2.5L 1800W,Fritteuse mit Sichtfenster, emperaturregelung,Kontrollleuchte,Wei\u00df\" class=\"btn btn-buy btn-block\" rel=\"nofollow\" target=\"_blank\">Kaufen<\/a>\t\t\t\t\t\t\t<\/div>\n\t\t\t\t\t\t<\/div>\n\t\t\t\t\t\t\t\t<\/div>\n\t<\/div>\n<\/div><div class=\"col-xxs-12 col-xs-6 col-md-4 col-lg-3 eq\">\n\t<div class=\"thumbnail thumbnail-4547 product-grid\">\n\t\t<div class=\"caption\">\n            \t\t\t<div class=\"img-grid-wrapper\">\n\t\t\t\t<a title=\"Princess Hei\u00dfluftfritteuse-Ofen, 10L Fassungsverm\u00f6gen, 1500W, 40-200\u00b0, 10 Vorprogramme, inkl. Rotierkorb, 3 Backbleche, Kr\u00fcmmelblech, Griff, 182065\" href=\"https:\/\/www.tvshopping.at\/index.php\/produkt\/princess-heissluftfritteuse-ofen-10l-fassungsvermoegen-1500w-40-200-10-vorprogramme-inkl-rotierkorb-3-backbleche-kruemmelblech-griff-182065\/\" >\n\t\t\t\t\t<img loading=\"lazy\" decoding=\"async\" src=\"https:\/\/m.media-amazon.com\/images\/I\/313gBM517UL._SL500_.jpg\" alt=\"Princess Hei\u00dfluftfritteuse-Ofen, 10L Fassungsverm\u00f6gen, 1500W, 40-200\u00b0, 10 Vorprogramme, inkl. Rotierkorb, 3 Backbleche, Kr\u00fcmmelblech, Griff, 182065\" width=\"500\" height=\"500\" \/>\t\t\t\t<\/a>\n\t\t\t<\/div>\n\n                            <div class=\"row-product-meta\">\n                    <div class=\"product-rating\"><i class=\"far fa-star\"><\/i><i class=\"far fa-star\"><\/i><i class=\"far fa-star\"><\/i><i class=\"far fa-star\"><\/i><i class=\"far fa-star\"><\/i><\/div>\n                <\/div>\n            \n\n\t\t\t<a title=\"Princess Hei\u00dfluftfritteuse-Ofen, 10L Fassungsverm\u00f6gen, 1500W, 40-200\u00b0, 10 Vorprogramme, inkl. Rotierkorb, 3 Backbleche, Kr\u00fcmmelblech, Griff, 182065\" href=\"https:\/\/www.tvshopping.at\/index.php\/produkt\/princess-heissluftfritteuse-ofen-10l-fassungsvermoegen-1500w-40-200-10-vorprogramme-inkl-rotierkorb-3-backbleche-kruemmelblech-griff-182065\/\" class=\"product-title\" >\n\t\t\t\tPrincess Hei\u00dfluftfritteuse-Ofen, 10L Fassungsverm\u00f6gen, 1500W, 40-200\u00b0, 10 Vorprogramme, inkl. Rotierkorb, 3 Backbleche, Kr\u00fcmmelblech, Griff, 182065\t\t\t<\/a>\n\n                <div class=\"product-price\">\n        <p class=\"price\">82,99 &euro; <i class=\"at at-prime\"><\/i><\/p>\n        <small class=\"price-hint\">inkl. 19% gesetzlicher MwSt.<\/small>    <\/div>\n<hr class=\"hidden-xs\" \/>\t\t\t\t\t\t<div class=\"row product-buttons\">\n\t\t\t\t\t\t\t<div class=\"col-sm-6\">\n\t\t\t\t\t\t\t\t<a href=\"https:\/\/www.tvshopping.at\/index.php\/produkt\/princess-heissluftfritteuse-ofen-10l-fassungsvermoegen-1500w-40-200-10-vorprogramme-inkl-rotierkorb-3-backbleche-kruemmelblech-griff-182065\/\" title=\"Princess Hei\u00dfluftfritteuse-Ofen, 10L Fassungsverm\u00f6gen, 1500W, 40-200\u00b0, 10 Vorprogramme, inkl. Rotierkorb, 3 Backbleche, Kr\u00fcmmelblech, Griff, 182065\" class=\"btn btn-detail btn-block\">Details<\/a>\t\t\t\t\t\t\t<\/div>\n\t\t\t\t\t\t\t<div class=\"col-sm-6\">\n\t\t\t\t\t\t\t\t<a href=\"https:\/\/www.amazon.de\/dp\/B07XQ3ZLNC?tag=lenzomio-21&linkCode=ogi&th=1&psc=1\" title=\"Princess Hei\u00dfluftfritteuse-Ofen, 10L Fassungsverm\u00f6gen, 1500W, 40-200\u00b0, 10 Vorprogramme, inkl. Rotierkorb, 3 Backbleche, Kr\u00fcmmelblech, Griff, 182065\" class=\"btn btn-buy btn-block\" rel=\"nofollow\" target=\"_blank\">Kaufen<\/a>\t\t\t\t\t\t\t<\/div>\n\t\t\t\t\t\t<\/div>\n\t\t\t\t\t\t\t\t<\/div>\n\t<\/div>\n<\/div><div class=\"col-xxs-12 col-xs-6 col-md-4 col-lg-3 eq\">\n\t<div class=\"thumbnail thumbnail-4554 product-grid\">\n\t\t<div class=\"caption\">\n            \t\t\t<div class=\"img-grid-wrapper\">\n\t\t\t\t<a title=\"Tristar Multi Hei\u00dfluftfritteuse &#8211; 10 Liter, 10 vorprogrammierte Einstellungen, 80-200 \u00b0C, 1800 Watt, FR-6964\" href=\"https:\/\/www.tvshopping.at\/index.php\/produkt\/tristar-multi-heissluftfritteuse-10-liter-10-vorprogrammierte-einstellungen-80-200-c-1800-watt-fr-6964\/\" >\n\t\t\t\t\t<img loading=\"lazy\" decoding=\"async\" src=\"https:\/\/m.media-amazon.com\/images\/I\/41aWpnJ-uUL._SL500_.jpg\" alt=\"Tristar Multi Hei\u00dfluftfritteuse - 10 Liter, 10 vorprogrammierte Einstellungen, 80-200 \u00b0C, 1800 Watt, FR-6964\" width=\"500\" height=\"500\" \/>\t\t\t\t<\/a>\n\t\t\t<\/div>\n\n                            <div class=\"row-product-meta\">\n                    <div class=\"product-rating\"><i class=\"far fa-star\"><\/i><i class=\"far fa-star\"><\/i><i class=\"far fa-star\"><\/i><i class=\"far fa-star\"><\/i><i class=\"far fa-star\"><\/i><\/div>\n                <\/div>\n            \n\n\t\t\t<a title=\"Tristar Multi Hei\u00dfluftfritteuse &#8211; 10 Liter, 10 vorprogrammierte Einstellungen, 80-200 \u00b0C, 1800 Watt, FR-6964\" href=\"https:\/\/www.tvshopping.at\/index.php\/produkt\/tristar-multi-heissluftfritteuse-10-liter-10-vorprogrammierte-einstellungen-80-200-c-1800-watt-fr-6964\/\" class=\"product-title\" >\n\t\t\t\tTristar Multi Hei\u00dfluftfritteuse &#8211; 10 Liter, 10 vorprogrammierte Einstellungen, 80-200 \u00b0C, 1800 Watt, FR-6964\t\t\t<\/a>\n\n                <div class=\"product-price\">\n        <p class=\"price\">87,24 &euro;<\/p>\n        <small class=\"price-hint\">inkl. 19% gesetzlicher MwSt.<\/small>    <\/div>\n<hr class=\"hidden-xs\" \/>\t\t\t\t\t\t<div class=\"row product-buttons\">\n\t\t\t\t\t\t\t<div class=\"col-sm-6\">\n\t\t\t\t\t\t\t\t<a href=\"https:\/\/www.tvshopping.at\/index.php\/produkt\/tristar-multi-heissluftfritteuse-10-liter-10-vorprogrammierte-einstellungen-80-200-c-1800-watt-fr-6964\/\" title=\"Tristar Multi Hei\u00dfluftfritteuse &#8211; 10 Liter, 10 vorprogrammierte Einstellungen, 80-200 \u00b0C, 1800 Watt, FR-6964\" class=\"btn btn-detail btn-block\">Details<\/a>\t\t\t\t\t\t\t<\/div>\n\t\t\t\t\t\t\t<div class=\"col-sm-6\">\n\t\t\t\t\t\t\t\t<a href=\"https:\/\/www.amazon.de\/dp\/B08B699FVK?tag=lenzomio-21&linkCode=ogi&th=1&psc=1\" title=\"Tristar Multi Hei\u00dfluftfritteuse &#8211; 10 Liter, 10 vorprogrammierte Einstellungen, 80-200 \u00b0C, 1800 Watt, FR-6964\" class=\"btn btn-buy btn-block\" rel=\"nofollow\" target=\"_blank\">Kaufen<\/a>\t\t\t\t\t\t\t<\/div>\n\t\t\t\t\t\t<\/div>\n\t\t\t\t\t\t\t\t<\/div>\n\t<\/div>\n<\/div><div class=\"col-xxs-12 col-xs-6 col-md-4 col-lg-3 eq\">\n\t<div class=\"thumbnail thumbnail-4552 product-grid\">\n\t\t<div class=\"caption\">\n            \t\t\t<div class=\"img-grid-wrapper\">\n\t\t\t\t<a title=\"KESSER\u00ae XXL Airfryer 9in1 Hei\u00dfluftfritteuse Fritteuse, | Drehgrill | D\u00f6rrautomat | Rezeptheft | Grillspie\u00df | 1800 Watt | fettfrei grillen ohne \u00d6l | 8 Programme | inkl. Zubeh\u00f6r Schwarz\" href=\"https:\/\/www.tvshopping.at\/index.php\/produkt\/kesser-xxl-airfryer-9in1-heissluftfritteuse-fritteuse-drehgrill-doerrautomat-rezeptheft-grillspiess-1800-watt-fettfrei-grillen-ohne-oel-8-programme-inkl-zubehoer-schwarz\/\" >\n\t\t\t\t\t<img loading=\"lazy\" decoding=\"async\" src=\"https:\/\/m.media-amazon.com\/images\/I\/51qbH22HFeL._SL500_.jpg\" alt=\"KESSER\u00ae XXL Airfryer 9in1 Hei\u00dfluftfritteuse Fritteuse, | Drehgrill | D\u00f6rrautomat | Rezeptheft | Grillspie\u00df | 1800 Watt | fettfrei grillen ohne \u00d6l | 8 Programme | inkl. Zubeh\u00f6r Schwarz\" width=\"500\" height=\"500\" \/>\t\t\t\t<\/a>\n\t\t\t<\/div>\n\n                            <div class=\"row-product-meta\">\n                    <div class=\"product-rating\"><i class=\"far fa-star\"><\/i><i class=\"far fa-star\"><\/i><i class=\"far fa-star\"><\/i><i class=\"far fa-star\"><\/i><i class=\"far fa-star\"><\/i><\/div>\n                <\/div>\n            \n\n\t\t\t<a title=\"KESSER\u00ae XXL Airfryer 9in1 Hei\u00dfluftfritteuse Fritteuse, | Drehgrill | D\u00f6rrautomat | Rezeptheft | Grillspie\u00df | 1800 Watt | fettfrei grillen ohne \u00d6l | 8 Programme | inkl. Zubeh\u00f6r Schwarz\" href=\"https:\/\/www.tvshopping.at\/index.php\/produkt\/kesser-xxl-airfryer-9in1-heissluftfritteuse-fritteuse-drehgrill-doerrautomat-rezeptheft-grillspiess-1800-watt-fettfrei-grillen-ohne-oel-8-programme-inkl-zubehoer-schwarz\/\" class=\"product-title\" >\n\t\t\t\tKESSER\u00ae XXL Airfryer 9in1 Hei\u00dfluftfritteuse Fritteuse, | Drehgrill | D\u00f6rrautomat | Rezeptheft | Grillspie\u00df | 1800 Watt | fettfrei grillen ohne \u00d6l | 8 Programme | inkl. Zubeh\u00f6r Schwarz\t\t\t<\/a>\n\n                <div class=\"product-price\">\n        <p class=\"price\">89,80 &euro;<\/p>\n        <small class=\"price-hint\">inkl. 19% gesetzlicher MwSt.<\/small>    <\/div>\n<hr class=\"hidden-xs\" \/>\t\t\t\t\t\t<div class=\"row product-buttons\">\n\t\t\t\t\t\t\t<div class=\"col-sm-6\">\n\t\t\t\t\t\t\t\t<a href=\"https:\/\/www.tvshopping.at\/index.php\/produkt\/kesser-xxl-airfryer-9in1-heissluftfritteuse-fritteuse-drehgrill-doerrautomat-rezeptheft-grillspiess-1800-watt-fettfrei-grillen-ohne-oel-8-programme-inkl-zubehoer-schwarz\/\" title=\"KESSER\u00ae XXL Airfryer 9in1 Hei\u00dfluftfritteuse Fritteuse, | Drehgrill | D\u00f6rrautomat | Rezeptheft | Grillspie\u00df | 1800 Watt | fettfrei grillen ohne \u00d6l | 8 Programme | inkl. Zubeh\u00f6r Schwarz\" class=\"btn btn-detail btn-block\">Details<\/a>\t\t\t\t\t\t\t<\/div>\n\t\t\t\t\t\t\t<div class=\"col-sm-6\">\n\t\t\t\t\t\t\t\t<a href=\"https:\/\/www.amazon.de\/dp\/B0898NSYXR?tag=lenzomio-21&linkCode=ogi&th=1&psc=1\" title=\"KESSER\u00ae XXL Airfryer 9in1 Hei\u00dfluftfritteuse Fritteuse, | Drehgrill | D\u00f6rrautomat | Rezeptheft | Grillspie\u00df | 1800 Watt | fettfrei grillen ohne \u00d6l | 8 Programme | inkl. Zubeh\u00f6r Schwarz\" class=\"btn btn-buy btn-block\" rel=\"nofollow\" target=\"_blank\">Kaufen<\/a>\t\t\t\t\t\t\t<\/div>\n\t\t\t\t\t\t<\/div>\n\t\t\t\t\t\t\t\t<\/div>\n\t<\/div>\n<\/div><div class=\"col-xxs-12 col-xs-6 col-md-4 col-lg-3 eq\">\n\t<div class=\"thumbnail thumbnail-4541 product-grid\">\n\t\t<div class=\"caption\">\n            \t\t\t<div class=\"img-grid-wrapper\">\n\t\t\t\t<a title=\"Princess 182075 Aerofryer-Ofen DeLuxe 80-200\u00b0, 10 Vorprogramme, inkl. Rotierkorb, Drehspie\u00df, 3 Backbleche, Kr\u00fcmelblech, Griff, 1800, 11 liters, Schwarz\/Silber\" href=\"https:\/\/www.tvshopping.at\/index.php\/produkt\/princess-182075-aerofryer-ofen-deluxe-80-200-10-vorprogramme-inkl-rotierkorb-drehspiess-3-backbleche-kruemelblech-griff-1800-11-liters-schwarz-silber\/\" >\n\t\t\t\t\t<img loading=\"lazy\" decoding=\"async\" src=\"https:\/\/m.media-amazon.com\/images\/I\/41fMPVCHJxL._SL500_.jpg\" alt=\"Princess 182075 Aerofryer-Ofen DeLuxe 80-200\u00b0, 10 Vorprogramme, inkl. Rotierkorb, Drehspie\u00df, 3 Backbleche, Kr\u00fcmelblech, Griff, 1800, 11 liters, Schwarz\/Silber\" width=\"500\" height=\"500\" \/>\t\t\t\t<\/a>\n\t\t\t<\/div>\n\n                            <div class=\"row-product-meta\">\n                    <div class=\"product-rating\"><i class=\"far fa-star\"><\/i><i class=\"far fa-star\"><\/i><i class=\"far fa-star\"><\/i><i class=\"far fa-star\"><\/i><i class=\"far fa-star\"><\/i><\/div>\n                <\/div>\n            \n\n\t\t\t<a title=\"Princess 182075 Aerofryer-Ofen DeLuxe 80-200\u00b0, 10 Vorprogramme, inkl. Rotierkorb, Drehspie\u00df, 3 Backbleche, Kr\u00fcmelblech, Griff, 1800, 11 liters, Schwarz\/Silber\" href=\"https:\/\/www.tvshopping.at\/index.php\/produkt\/princess-182075-aerofryer-ofen-deluxe-80-200-10-vorprogramme-inkl-rotierkorb-drehspiess-3-backbleche-kruemelblech-griff-1800-11-liters-schwarz-silber\/\" class=\"product-title\" >\n\t\t\t\tPrincess 182075 Aerofryer-Ofen DeLuxe 80-200\u00b0, 10 Vorprogramme, inkl. Rotierkorb, Drehspie\u00df, 3 Backbleche, Kr\u00fcmelblech, Griff, 1800, 11 liters, Schwarz\/Silber\t\t\t<\/a>\n\n                <div class=\"product-price\">\n        <p class=\"price\">134,99 &euro; <del>174,99 &euro;<\/del> <i class=\"at at-prime\"><\/i><\/p>\n        <small class=\"price-hint\">inkl. 19% gesetzlicher MwSt.<\/small>    <\/div>\n<hr class=\"hidden-xs\" \/>\t\t\t\t\t\t<div class=\"row product-buttons\">\n\t\t\t\t\t\t\t<div class=\"col-sm-6\">\n\t\t\t\t\t\t\t\t<a href=\"https:\/\/www.tvshopping.at\/index.php\/produkt\/princess-182075-aerofryer-ofen-deluxe-80-200-10-vorprogramme-inkl-rotierkorb-drehspiess-3-backbleche-kruemelblech-griff-1800-11-liters-schwarz-silber\/\" title=\"Princess 182075 Aerofryer-Ofen DeLuxe 80-200\u00b0, 10 Vorprogramme, inkl. Rotierkorb, Drehspie\u00df, 3 Backbleche, Kr\u00fcmelblech, Griff, 1800, 11 liters, Schwarz\/Silber\" class=\"btn btn-detail btn-block\">Details<\/a>\t\t\t\t\t\t\t<\/div>\n\t\t\t\t\t\t\t<div class=\"col-sm-6\">\n\t\t\t\t\t\t\t\t<a href=\"https:\/\/www.amazon.de\/dp\/B088P8JSSZ?tag=lenzomio-21&linkCode=ogi&th=1&psc=1\" title=\"Princess 182075 Aerofryer-Ofen DeLuxe 80-200\u00b0, 10 Vorprogramme, inkl. Rotierkorb, Drehspie\u00df, 3 Backbleche, Kr\u00fcmelblech, Griff, 1800, 11 liters, Schwarz\/Silber\" class=\"btn btn-buy btn-block\" rel=\"nofollow\" target=\"_blank\">Kaufen<\/a>\t\t\t\t\t\t\t<\/div>\n\t\t\t\t\t\t<\/div>\n\t\t\t\t\t\t\t\t<\/div>\n\t<\/div>\n<\/div><\/div><div class=\"clearfix\"><\/div>\n","protected":false},"excerpt":{"rendered":"","protected":false},"author":1,"featured_media":0,"parent":0,"menu_order":0,"comment_status":"closed","ping_status":"closed","template":"","meta":{"footnotes":""},"class_list":["post-4532","page","type-page","status-publish","hentry"],"yoast_head":"<!-- This site is optimized with the Yoast SEO plugin v27.5 - https:\/\/yoast.com\/product\/yoast-seo-wordpress\/ -->\n<title>Hei\u00dfluft\u00f6fen - TVSHOPPING.AT<\/title>\n<meta name=\"robots\" content=\"index, follow, max-snippet:-1, max-image-preview:large, max-video-preview:-1\" \/>\n<link rel=\"canonical\" href=\"https:\/\/www.tvshopping.at\/index.php\/heissluftoefen\/\" \/>\n<meta property=\"og:locale\" content=\"de_DE\" \/>\n<meta property=\"og:type\" content=\"article\" \/>\n<meta property=\"og:title\" content=\"Hei\u00dfluft\u00f6fen - TVSHOPPING.AT\" \/>\n<meta property=\"og:url\" content=\"https:\/\/www.tvshopping.at\/index.php\/heissluftoefen\/\" \/>\n<meta property=\"og:site_name\" content=\"TVSHOPPING.AT\" \/>\n<meta property=\"article:modified_time\" content=\"2021-03-08T18:31:59+00:00\" \/>\n<meta name=\"twitter:card\" content=\"summary_large_image\" \/>\n<meta name=\"twitter:label1\" content=\"Gesch\u00e4tzte Lesezeit\" \/>\n\t<meta name=\"twitter:data1\" content=\"1\u00a0Minute\" \/>\n<script type=\"application\/ld+json\" class=\"yoast-schema-graph\">{\"@context\":\"https:\\\/\\\/schema.org\",\"@graph\":[{\"@type\":\"WebPage\",\"@id\":\"https:\\\/\\\/www.tvshopping.at\\\/index.php\\\/heissluftoefen\\\/\",\"url\":\"https:\\\/\\\/www.tvshopping.at\\\/index.php\\\/heissluftoefen\\\/\",\"name\":\"Hei\u00dfluft\u00f6fen - TVSHOPPING.AT\",\"isPartOf\":{\"@id\":\"https:\\\/\\\/www.tvshopping.at\\\/#website\"},\"datePublished\":\"2021-03-08T18:27:36+00:00\",\"dateModified\":\"2021-03-08T18:31:59+00:00\",\"breadcrumb\":{\"@id\":\"https:\\\/\\\/www.tvshopping.at\\\/index.php\\\/heissluftoefen\\\/#breadcrumb\"},\"inLanguage\":\"de\",\"potentialAction\":[{\"@type\":\"ReadAction\",\"target\":[\"https:\\\/\\\/www.tvshopping.at\\\/index.php\\\/heissluftoefen\\\/\"]}]},{\"@type\":\"BreadcrumbList\",\"@id\":\"https:\\\/\\\/www.tvshopping.at\\\/index.php\\\/heissluftoefen\\\/#breadcrumb\",\"itemListElement\":[{\"@type\":\"ListItem\",\"position\":1,\"name\":\"Startseite\",\"item\":\"https:\\\/\\\/www.tvshopping.at\\\/\"},{\"@type\":\"ListItem\",\"position\":2,\"name\":\"Hei\u00dfluft\u00f6fen\"}]},{\"@type\":\"WebSite\",\"@id\":\"https:\\\/\\\/www.tvshopping.at\\\/#website\",\"url\":\"https:\\\/\\\/www.tvshopping.at\\\/\",\"name\":\"TVSHOPPING.AT\",\"description\":\"- DIE NEUESETEN PRODUKTE F\u00dcR SIE -\",\"potentialAction\":[{\"@type\":\"SearchAction\",\"target\":{\"@type\":\"EntryPoint\",\"urlTemplate\":\"https:\\\/\\\/www.tvshopping.at\\\/?s={search_term_string}\"},\"query-input\":{\"@type\":\"PropertyValueSpecification\",\"valueRequired\":true,\"valueName\":\"search_term_string\"}}],\"inLanguage\":\"de\"}]}<\/script>\n<!-- \/ Yoast SEO plugin. -->","yoast_head_json":{"title":"Hei\u00dfluft\u00f6fen - TVSHOPPING.AT","robots":{"index":"index","follow":"follow","max-snippet":"max-snippet:-1","max-image-preview":"max-image-preview:large","max-video-preview":"max-video-preview:-1"},"canonical":"https:\/\/www.tvshopping.at\/index.php\/heissluftoefen\/","og_locale":"de_DE","og_type":"article","og_title":"Hei\u00dfluft\u00f6fen - TVSHOPPING.AT","og_url":"https:\/\/www.tvshopping.at\/index.php\/heissluftoefen\/","og_site_name":"TVSHOPPING.AT","article_modified_time":"2021-03-08T18:31:59+00:00","twitter_card":"summary_large_image","twitter_misc":{"Gesch\u00e4tzte Lesezeit":"1\u00a0Minute"},"schema":{"@context":"https:\/\/schema.org","@graph":[{"@type":"WebPage","@id":"https:\/\/www.tvshopping.at\/index.php\/heissluftoefen\/","url":"https:\/\/www.tvshopping.at\/index.php\/heissluftoefen\/","name":"Hei\u00dfluft\u00f6fen - TVSHOPPING.AT","isPartOf":{"@id":"https:\/\/www.tvshopping.at\/#website"},"datePublished":"2021-03-08T18:27:36+00:00","dateModified":"2021-03-08T18:31:59+00:00","breadcrumb":{"@id":"https:\/\/www.tvshopping.at\/index.php\/heissluftoefen\/#breadcrumb"},"inLanguage":"de","potentialAction":[{"@type":"ReadAction","target":["https:\/\/www.tvshopping.at\/index.php\/heissluftoefen\/"]}]},{"@type":"BreadcrumbList","@id":"https:\/\/www.tvshopping.at\/index.php\/heissluftoefen\/#breadcrumb","itemListElement":[{"@type":"ListItem","position":1,"name":"Startseite","item":"https:\/\/www.tvshopping.at\/"},{"@type":"ListItem","position":2,"name":"Hei\u00dfluft\u00f6fen"}]},{"@type":"WebSite","@id":"https:\/\/www.tvshopping.at\/#website","url":"https:\/\/www.tvshopping.at\/","name":"TVSHOPPING.AT","description":"- DIE NEUESETEN PRODUKTE F\u00dcR SIE -","potentialAction":[{"@type":"SearchAction","target":{"@type":"EntryPoint","urlTemplate":"https:\/\/www.tvshopping.at\/?s={search_term_string}"},"query-input":{"@type":"PropertyValueSpecification","valueRequired":true,"valueName":"search_term_string"}}],"inLanguage":"de"}]}},"_links":{"self":[{"href":"https:\/\/www.tvshopping.at\/index.php\/wp-json\/wp\/v2\/pages\/4532","targetHints":{"allow":["GET"]}}],"collection":[{"href":"https:\/\/www.tvshopping.at\/index.php\/wp-json\/wp\/v2\/pages"}],"about":[{"href":"https:\/\/www.tvshopping.at\/index.php\/wp-json\/wp\/v2\/types\/page"}],"author":[{"embeddable":true,"href":"https:\/\/www.tvshopping.at\/index.php\/wp-json\/wp\/v2\/users\/1"}],"replies":[{"embeddable":true,"href":"https:\/\/www.tvshopping.at\/index.php\/wp-json\/wp\/v2\/comments?post=4532"}],"version-history":[{"count":2,"href":"https:\/\/www.tvshopping.at\/index.php\/wp-json\/wp\/v2\/pages\/4532\/revisions"}],"predecessor-version":[{"id":4536,"href":"https:\/\/www.tvshopping.at\/index.php\/wp-json\/wp\/v2\/pages\/4532\/revisions\/4536"}],"wp:attachment":[{"href":"https:\/\/www.tvshopping.at\/index.php\/wp-json\/wp\/v2\/media?parent=4532"}],"curies":[{"name":"wp","href":"https:\/\/api.w.org\/{rel}","templated":true}]}}